{"id":17,"date":"2014-07-24T01:52:08","date_gmt":"2014-07-23T23:52:08","guid":{"rendered":"http:\/\/sfrec.vadamante.eu\/?page_id=17"},"modified":"2017-03-08T14:42:39","modified_gmt":"2017-03-08T12:42:39","slug":"stuzkova-slavnost","status":"publish","type":"page","link":"https:\/\/sfrec.sk\/?page_id=17","title":{"rendered":"Stu\u017ekov\u00e1 sl\u00e1vnos\u0165"},"content":{"rendered":"<p>Ak\u010dn\u00fd film, hororov\u00fd pr\u00edbeh, \u010di sci-fi triler? Aj takto m\u00f4\u017ee vyzera\u0165 kradnutie triednej knihy, ktor\u00e9 je samozrejmos\u0165ou pre v\u0161etk\u00fdch maturantov. Vy navrhnete n\u00e1met, my sa postar\u00e1me o r\u00e9\u017eiu, realiz\u00e1ciu a originalitu.<\/p>\n<p><style type=\"text\/css\">div.amazingslider-box-1 :nth-child(3) {     visibility: hidden; }<\/style><div class=\"wonderplugingallery-container\" id=\"wonderplugingallery-container-1\" style=\"max-width:100%;margin:0 auto;\"><div class=\"wonderplugingallery\" id=\"wonderplugingallery-1\" data-galleryid=\"1\" data-width=\"940\" data-height=\"528\" data-skin=\"mediapage\" data-autoslide=\"false\" data-autoplayvideo=\"false\" data-html5player=\"true\" data-responsive=\"true\" data-fullwidth=\"true\" data-showtitle=\"true\" data-showdescription=\"false\" data-showplaybutton=\"true\" data-showfullscreenbutton=\"true\" data-showtimer=\"true\" data-showcarousel=\"true\" data-galleryshadow=\"false\" data-slideshadow=\"false\" data-thumbshowtitle=\"true\" data-thumbshadow=\"false\" data-lightboxshowtitle=\"true\" data-lightboxshowdescription=\"true\" data-specifyid=\"true\" data-donotinit=\"false\" data-addinitscript=\"false\" data-titlesmallscreen=\"false\" data-duration=\"1500\" data-slideduration=\"1000\" data-slideshowinterval=\"6000\" data-googleanalyticsaccount=\"\" data-resizemode=\"fill\" data-imagetoolboxmode=\"mouseover\" data-effect=\"fade\" data-padding=\"0\" data-bgcolor=\"\" data-bgimage=\"\" data-thumbwidth=\"180\" data-thumbheight=\"100\" data-thumbgap=\"10\" data-thumbrowgap=\"16\" data-lightboxtextheight=\"72\" data-lightboxtitlecss=\"{color:#333333; font:bold 12px Arial,Helvetica,sans-serif; overflow:hidden; white-space:normal; line-height:18px;}\" data-lightboxdescriptioncss=\"{color:#333333; font:normal 12px Arial,Helvetica,sans-serif; overflow:hidden; white-space:normal; line-height:14px;}\" data-titlecss=\"{color:#ffffff; font-size:14px; font-family:Armata, sans-serif, Arial; overflow:hidden; white-space:normal; text-align:left; padding:10px 0px 10px 10px;  background:rgb(102, 102, 102) transparent; background:rgba(102, 102, 102, 0.6);}\" data-descriptioncss=\"{color:#ffffff; font-size:12px; font-family:Armata, sans-serif, Arial; overflow:hidden; white-space:normal; text-align:left; padding:0px 0px 10px 10px;  background:rgb(102, 102, 102) transparent; background:rgba(102, 102, 102, 0.6);}\" data-titleheight=\"72\" data-titlesmallscreenwidth=\"640\" data-titleheightsmallscreen=\"148\" data-jsfolder=\"https:\/\/sfrec.sk\/wp-content\/plugins\/wonderplugin-gallery\/engine\/\" style=\"display:none;\" ><a href=\"http:\/\/www.youtube.com\/embed\/Ph-13uTlbis\" data-poster=\"http:\/\/sfrec.sk\/wp-content\/uploads\/2019\/10\/anina_thumb.png\"><img decoding=\"async\" class=\"html5galleryimg\" src=\"http:\/\/sfrec.sk\/wp-content\/uploads\/2019\/10\/anina_thumb-150x150.png\" alt=\"NOC OSCAROV - 4.A - GPOH KK\"><\/a><a href=\"http:\/\/player.vimeo.com\/video\/75689922\" data-poster=\"https:\/\/i.vimeocdn.com\/video\/450352600_640.jpg\"><img decoding=\"async\" class=\"html5galleryimg\" src=\"https:\/\/i.vimeocdn.com\/video\/450352600_200x150.jpg\" alt=\"GRAND THEFT CLASS BOOK\"><\/a><a href=\"http:\/\/www.youtube.com\/embed\/MXu2CEaJIS4?t=3s\" data-poster=\"http:\/\/img.youtube.com\/vi\/MXu2CEaJIS4\/0.jpg\"><img decoding=\"async\" class=\"html5galleryimg\" src=\"http:\/\/sfrec.sk\/wp-content\/uploads\/2017\/10\/Image2.jpg\" alt=\"GPDT PP - IV.A - 2017\"><\/a><a href=\"http:\/\/www.youtube.com\/embed\/QhZ47z_BNck\" data-poster=\"http:\/\/img.youtube.com\/vi\/QhZ47z_BNck\/0.jpg\"><img decoding=\"async\" class=\"html5galleryimg\" src=\"http:\/\/sfrec.sk\/wp-content\/uploads\/2018\/04\/krad_alanko.jpg\" alt=\"OA PP - IV.C - 2017\"><\/a><a href=\"http:\/\/www.youtube.com\/embed\/IpVHhv-6RfI\" data-poster=\"http:\/\/img.youtube.com\/vi\/IpVHhv-6RfI\/0.jpg\"><img decoding=\"async\" class=\"html5galleryimg\" src=\"http:\/\/sfrec.sk\/wp-content\/uploads\/2018\/04\/sara.jpg\" alt=\"GPOH KK - IV.B - 2017\"><\/a><a href=\"http:\/\/www.youtube.com\/embed\/ML9YTqEQAHI\" data-poster=\"http:\/\/img.youtube.com\/vi\/ML9YTqEQAHI\/0.jpg\"><img decoding=\"async\" class=\"html5galleryimg\" src=\"http:\/\/sfrec.sk\/wp-content\/uploads\/2018\/04\/sus.jpg\" alt=\"SU\u0160 KK - IV.A - 2017\"><\/a><a href=\"http:\/\/www.youtube.com\/embed\/7i1PbkQDiJE\" data-poster=\"http:\/\/img.youtube.com\/vi\/7i1PbkQDiJE\/0.jpg\"><img decoding=\"async\" class=\"html5galleryimg\" src=\"http:\/\/sfrec.sk\/wp-content\/uploads\/2018\/04\/maxresdefault.jpg\" alt=\"HA SNV - V.A - 2017\"><\/a><a href=\"http:\/\/www.youtube.com\/embed\/Ycu_MC165_U\" data-poster=\"http:\/\/img.youtube.com\/vi\/Ycu_MC165_U\/0.jpg\"><img decoding=\"async\" class=\"html5galleryimg\" src=\"http:\/\/sfrec.sk\/wp-content\/uploads\/2018\/04\/maxresdefault-1.jpg\" alt=\"G SSV - IV.A - 2017\"><\/a><a href=\"http:\/\/www.youtube.com\/embed\/uYjX7SKDIGU\" data-poster=\"http:\/\/img.youtube.com\/vi\/uYjX7SKDIGU\/0.jpg\"><img decoding=\"async\" class=\"html5galleryimg\" src=\"http:\/\/sfrec.sk\/wp-content\/uploads\/2018\/04\/maxresdefault-12.jpg\" alt=\"OA PP - IV.D - 2015\"><\/a><a href=\"http:\/\/www.youtube.com\/embed\/IOjvCaY96Uw\" data-poster=\"http:\/\/img.youtube.com\/vi\/IOjvCaY96Uw\/0.jpg\"><img decoding=\"async\" class=\"html5galleryimg\" src=\"http:\/\/sfrec.sk\/wp-content\/uploads\/2015\/11\/gym_pjBA_krad_thub.jpg\" alt=\"GJP BA - IV.B - 2015\"><\/a><a href=\"http:\/\/www.youtube.com\/embed\/5F9xNEnlOXI\" data-poster=\"http:\/\/img.youtube.com\/vi\/5F9xNEnlOXI\/0.jpg\"><img decoding=\"async\" class=\"html5galleryimg\" src=\"http:\/\/sfrec.sk\/wp-content\/uploads\/2018\/04\/maxresdefault-11.jpg\" alt=\"GPOH KK - IV.A - 2014\"><\/a><a href=\"http:\/\/player.vimeo.com\/video\/112451099\" data-poster=\"https:\/\/i.vimeocdn.com\/video\/497432474_640.jpg\"><img decoding=\"async\" class=\"html5galleryimg\" src=\"http:\/\/sfrec.sk\/wp-content\/uploads\/2018\/04\/Capture.jpg\" alt=\"GPUK PP - IV.B - 2014\"><\/a><div class=\"wonderplugin-engine\"><a href=\"http:\/\/www.wonderplugin.com\/wordpress-gallery\/\" title=\"Responsive WordPress YouTube Gallery Plugin\">Responsive WordPress YouTube Gallery Plugin<\/a><\/div><\/div><\/div><br \/>\n&#8222;Nav\u017edy sa zachov\u00e1 v pam\u00e4ti stu\u017ekov\u00e1&#8220;, slov\u00e1 zn\u00e1mej slovenskej pesni\u010dky nie s\u00fa len pr\u00e1zdnou fr\u00e1zou, ale skuto\u010dn\u00fdm vystihnut\u00edm jedn\u00e9ho z d\u00f4le\u017eit\u00fdch okamihov n\u00e1\u0161ho \u017eivota. Na\u0161imi sk\u00fasenos\u0165ami s nat\u00e1\u010dan\u00edm stu\u017ekov\u00fdch sl\u00e1vnost\u00ed, V\u00e1m prinesieme \u017eiv\u00fa pamiatku na tento v\u00fdnimo\u010dn\u00fd de\u0148. Aby sme zaistili profesionalitu, nat\u00e1\u010dame stu\u017ekov\u00fa viackamerovo za pomoci modern\u00fdch technol\u00f3gi\u00ed, ktor\u00e9 neust\u00e1le inovujeme.<\/p>\n<style type=\"text\/css\">div.amazingslider-box-1 :nth-child(3) {     visibility: hidden; }<\/style><div class=\"wonderplugingallery-container\" id=\"wonderplugingallery-container-2\" style=\"max-width:940px;margin:0 auto;\"><div class=\"wonderplugingallery\" id=\"wonderplugingallery-2\" data-galleryid=\"2\" data-width=\"940\" data-height=\"528\" data-skin=\"mediapage\" data-autoslide=\"false\" data-autoplayvideo=\"true\" data-html5player=\"true\" data-responsive=\"true\" data-fullwidth=\"false\" data-showtitle=\"true\" data-showdescription=\"false\" data-showplaybutton=\"true\" data-showfullscreenbutton=\"true\" data-showtimer=\"true\" data-showcarousel=\"true\" data-galleryshadow=\"false\" data-slideshadow=\"false\" data-thumbshowtitle=\"true\" data-thumbshadow=\"false\" data-lightboxshowtitle=\"true\" data-lightboxshowdescription=\"true\" data-specifyid=\"true\" data-donotinit=\"false\" data-addinitscript=\"false\" data-titlesmallscreen=\"false\" data-duration=\"1500\" data-slideduration=\"1000\" data-slideshowinterval=\"6000\" data-googleanalyticsaccount=\"\" data-resizemode=\"fill\" data-imagetoolboxmode=\"mouseover\" data-effect=\"fade\" data-padding=\"0\" data-bgcolor=\"\" data-bgimage=\"\" data-thumbwidth=\"180\" data-thumbheight=\"100\" data-thumbgap=\"10\" data-thumbrowgap=\"16\" data-lightboxtextheight=\"72\" data-lightboxtitlecss=\"{color:#333333; font:bold 12px Arial,Helvetica,sans-serif; overflow:hidden; white-space:normal; line-height:18px;}\" data-lightboxdescriptioncss=\"{color:#333333; font:normal 12px Arial,Helvetica,sans-serif; overflow:hidden; white-space:normal; line-height:14px;}\" data-titlecss=\"{color:#ffffff; font-size:14px; font-family:Armata, sans-serif, Arial; overflow:hidden; white-space:normal; text-align:left; padding:10px 0px 10px 10px;  background:rgb(102, 102, 102) transparent; background:rgba(102, 102, 102, 0.6);}\" data-descriptioncss=\"{color:#ffffff; font-size:12px; font-family:Armata, sans-serif, Arial; overflow:hidden; white-space:normal; text-align:left; padding:0px 0px 10px 10px;  background:rgb(102, 102, 102) transparent; background:rgba(102, 102, 102, 0.6);}\" data-titleheight=\"72\" data-titlesmallscreenwidth=\"640\" data-titleheightsmallscreen=\"148\" data-jsfolder=\"https:\/\/sfrec.sk\/wp-content\/plugins\/wonderplugin-gallery\/engine\/\" style=\"display:none;\" ><a href=\"http:\/\/www.youtube.com\/embed\/Cl54D9Vb0YA\" data-poster=\"http:\/\/img.youtube.com\/vi\/Cl54D9Vb0YA\/0.jpg\"><img decoding=\"async\" class=\"html5galleryimg\" src=\"http:\/\/img.youtube.com\/vi\/Cl54D9Vb0YA\/0.jpg\" alt=\"IV.A GPOH KK - 2018\"><\/a><a href=\"http:\/\/www.youtube.com\/embed\/COZKsihvzOw\" data-poster=\"http:\/\/img.youtube.com\/vi\/COZKsihvzOw\/0.jpg\"><img decoding=\"async\" class=\"html5galleryimg\" src=\"http:\/\/img.youtube.com\/vi\/COZKsihvzOw\/0.jpg\" alt=\"IV.PD - SP\u0160 PP - 2018\"><\/a><a href=\"http:\/\/www.youtube.com\/embed\/wHGXqZozPY4\" data-poster=\"http:\/\/img.youtube.com\/vi\/wHGXqZozPY4\/0.jpg\"><img decoding=\"async\" class=\"html5galleryimg\" src=\"http:\/\/img.youtube.com\/vi\/wHGXqZozPY4\/0.jpg\" alt=\"V.A - Javorka SNV - 2018\"><\/a><a href=\"http:\/\/www.youtube.com\/embed\/BxejJ17W2r4\" data-poster=\"http:\/\/img.youtube.com\/vi\/BxejJ17W2r4\/0.jpg\"><img decoding=\"async\" class=\"html5galleryimg\" src=\"http:\/\/img.youtube.com\/vi\/BxejJ17W2r4\/0.jpg\" alt=\"IV.C - GPUK PP - 2018\"><\/a><a href=\"http:\/\/www.youtube.com\/embed\/BXNKxbzcRW8\" data-poster=\"http:\/\/img.youtube.com\/vi\/BXNKxbzcRW8\/0.jpg\"><img decoding=\"async\" class=\"html5galleryimg\" src=\"http:\/\/img.youtube.com\/vi\/BXNKxbzcRW8\/0.jpg\" alt=\"IV.B - GPDT PP - 2018\"><\/a><a href=\"http:\/\/www.youtube.com\/embed\/e0jqWKQG93c\" data-poster=\"http:\/\/img.youtube.com\/vi\/e0jqWKQG93c\/0.jpg\"><img decoding=\"async\" class=\"html5galleryimg\" src=\"http:\/\/img.youtube.com\/vi\/e0jqWKQG93c\/0.jpg\" alt=\"IV.C - OA PP - 2018\"><\/a><a href=\"http:\/\/www.youtube.com\/embed\/Z4r02Lwgrks\" data-poster=\"http:\/\/img.youtube.com\/vi\/Z4r02Lwgrks\/0.jpg\"><img decoding=\"async\" class=\"html5galleryimg\" src=\"http:\/\/sfrec.sk\/wp-content\/uploads\/2018\/04\/maxresdefault-2.jpg\" alt=\"IV.A SZ\u0160 PP - 2017\"><\/a><a href=\"http:\/\/www.youtube.com\/embed\/GdzRY2XKRqY\" data-poster=\"http:\/\/img.youtube.com\/vi\/GdzRY2XKRqY\/0.jpg\"><img decoding=\"async\" class=\"html5galleryimg\" src=\"http:\/\/sfrec.sk\/wp-content\/uploads\/2018\/04\/maxresdefault-3.jpg\" alt=\"IV.B GPOH KK - 2017\"><\/a><a href=\"http:\/\/www.youtube.com\/embed\/ka-_h3CE6uQ\" data-poster=\"http:\/\/img.youtube.com\/vi\/ka-_h3CE6uQ\/0.jpg\"><img decoding=\"async\" class=\"html5galleryimg\" src=\"http:\/\/sfrec.sk\/wp-content\/uploads\/2018\/04\/maxresdefault-4.jpg\" alt=\"V.HA SO\u0160 Smokovec - 2017\"><\/a><a href=\"http:\/\/www.youtube.com\/embed\/Mn6xTvSz7Jw\" data-poster=\"http:\/\/img.youtube.com\/vi\/Mn6xTvSz7Jw\/0.jpg\"><img decoding=\"async\" class=\"html5galleryimg\" src=\"http:\/\/sfrec.sk\/wp-content\/uploads\/2018\/04\/maxresdefault-5.jpg\" alt=\"IV.SA SP\u0160 PP - 2017\"><\/a><a href=\"http:\/\/www.youtube.com\/embed\/Ap7oHzpfUVY\" data-poster=\"http:\/\/img.youtube.com\/vi\/Ap7oHzpfUVY\/0.jpg\"><img decoding=\"async\" class=\"html5galleryimg\" src=\"http:\/\/sfrec.sk\/wp-content\/uploads\/2018\/04\/maxresdefault-6.jpg\" alt=\"V.A \/ V.B HA SNV - 2017\"><\/a><a href=\"http:\/\/www.youtube.com\/embed\/PAnDr7bHsdc\" data-poster=\"http:\/\/img.youtube.com\/vi\/PAnDr7bHsdc\/0.jpg\"><img decoding=\"async\" class=\"html5galleryimg\" src=\"http:\/\/sfrec.sk\/wp-content\/uploads\/2018\/04\/maxresdefault-7.jpg\" alt=\"IV.A GPODT PP - 2017\"><\/a><a href=\"http:\/\/www.youtube.com\/embed\/q4KkPZ-8PPc\" data-poster=\"http:\/\/img.youtube.com\/vi\/q4KkPZ-8PPc\/0.jpg\"><img decoding=\"async\" class=\"html5galleryimg\" src=\"http:\/\/sfrec.sk\/wp-content\/uploads\/2017\/03\/00.jpg\" alt=\"IV.B - GPOH KK - 2016\"><\/a><a href=\"http:\/\/www.youtube.com\/embed\/PHUhBcyyMPo?t=11s\" data-poster=\"http:\/\/img.youtube.com\/vi\/PHUhBcyyMPo\/0.jpg\"><img decoding=\"async\" class=\"html5galleryimg\" src=\"http:\/\/sfrec.sk\/wp-content\/uploads\/2017\/03\/hqdefault.jpg\" alt=\"IV.B GPDT PP - 2016\"><\/a><a href=\"http:\/\/www.youtube.com\/embed\/RxyoyXk1UHY\" data-poster=\"http:\/\/img.youtube.com\/vi\/RxyoyXk1UHY\/0.jpg\"><img decoding=\"async\" class=\"html5galleryimg\" src=\"http:\/\/sfrec.sk\/wp-content\/uploads\/2018\/04\/maxresdefault-8.jpg\" alt=\"IV.D OA PP - 2015\"><\/a><a href=\"http:\/\/www.youtube.com\/embed\/h13kDsHRIAc\" data-poster=\"http:\/\/img.youtube.com\/vi\/h13kDsHRIAc\/0.jpg\"><img decoding=\"async\" class=\"html5galleryimg\" src=\"http:\/\/sfrec.sk\/wp-content\/uploads\/2018\/04\/maxresdefault-9.jpg\" alt=\"IV.A OA PP - 2015\"><\/a><a href=\"http:\/\/www.youtube.com\/embed\/sjpNarHj3Hg\" data-poster=\"http:\/\/img.youtube.com\/vi\/sjpNarHj3Hg\/0.jpg\"><img decoding=\"async\" class=\"html5galleryimg\" src=\"http:\/\/sfrec.sk\/wp-content\/uploads\/2018\/04\/maxresdefault-10.jpg\" alt=\"Sl\u00e1vnostn\u00fd n\u00e1stup 2015\" data-description=\"Galave\u010der maturantov 2015\"><\/a><a href=\"http:\/\/www.youtube.com\/embed\/FTpKTlkIOg4\" data-poster=\"http:\/\/img.youtube.com\/vi\/FTpKTlkIOg4\/0.jpg\"><img decoding=\"async\" class=\"html5galleryimg\" src=\"http:\/\/sfrec.sk\/wp-content\/uploads\/2018\/04\/sddefault-1-e1524101009553.jpg\" alt=\"IV.A GPOH KK - 2014\"><\/a><div class=\"wonderplugin-engine\"><a href=\"http:\/\/www.wonderplugin.com\/wordpress-gallery\/\" title=\"Responsive WordPress YouTube Gallery Plugin\">Responsive WordPress YouTube Gallery Plugin<\/a><\/div><\/div><\/div>\n<p>Pozri aj <a href=\"http:\/\/web.sfrec.sk\/?page_id=115\">fotografovanie stu\u017ekovej sl\u00e1vnosti<\/a> a <a href=\"http:\/\/web.sfrec.sk\/?page_id=121\">tablov\u00e9 fotografovanie.<\/a><\/p>\n","protected":false},"excerpt":{"rendered":"<p>Ak\u010dn\u00fd film, hororov\u00fd pr\u00edbeh, \u010di sci-fi triler? Aj takto m\u00f4\u017ee vyzera\u0165 kradnutie triednej knihy, ktor\u00e9 je samozrejmos\u0165ou pre v\u0161etk\u00fdch maturantov. Vy navrhnete n\u00e1met, my sa postar\u00e1me o r\u00e9\u017eiu, realiz\u00e1ciu a originalitu. &#8222;Nav\u017edy sa zachov\u00e1 v pam\u00e4ti stu\u017ekov\u00e1&#8220;, slov\u00e1 zn\u00e1mej slovenskej [&hellip;]<\/p>\n","protected":false},"author":1,"featured_media":0,"parent":0,"menu_order":0,"comment_status":"closed","ping_status":"closed","template":"","meta":{"footnotes":""},"class_list":["post-17","page","type-page","status-publish","hentry"],"_links":{"self":[{"href":"https:\/\/sfrec.sk\/index.php?rest_route=\/wp\/v2\/pages\/17","targetHints":{"allow":["GET"]}}],"collection":[{"href":"https:\/\/sfrec.sk\/index.php?rest_route=\/wp\/v2\/pages"}],"about":[{"href":"https:\/\/sfrec.sk\/index.php?rest_route=\/wp\/v2\/types\/page"}],"author":[{"embeddable":true,"href":"https:\/\/sfrec.sk\/index.php?rest_route=\/wp\/v2\/users\/1"}],"replies":[{"embeddable":true,"href":"https:\/\/sfrec.sk\/index.php?rest_route=%2Fwp%2Fv2%2Fcomments&post=17"}],"version-history":[{"count":20,"href":"https:\/\/sfrec.sk\/index.php?rest_route=\/wp\/v2\/pages\/17\/revisions"}],"predecessor-version":[{"id":456,"href":"https:\/\/sfrec.sk\/index.php?rest_route=\/wp\/v2\/pages\/17\/revisions\/456"}],"wp:attachment":[{"href":"https:\/\/sfrec.sk\/index.php?rest_route=%2Fwp%2Fv2%2Fmedia&parent=17"}],"curies":[{"name":"wp","href":"https:\/\/api.w.org\/{rel}","templated":true}]}}